is divided by f?
1
Let m be 78/((4/228)/(3/18)). Calculate the remainder when 40 is divided by m/52 + (-3)/(-4).
10
Suppose -39 - 1272 = -23*p. What is the remainder when 226 is divided by p?
55
Suppose 16*i + 1907 = 35. Let j = i - -121. Calculate the remainder when 10 is divided by j.
2
Let k(f) = f**3 - 24*f**2 + 4*f + 35. Calculate the remainder when k(24) is divided by 44.
43
Let k = -335 + 661. Suppose 12*x - 286 - 183 = 23. Calculate the remainder when k is divided by x.
39
Let l(p) = -p**2 + 7*p + 1. Let m be (-6)/(-24) + 30/8. Suppose -21 = -k + m*u, -3*k + 2*u = -0*u - 23. Calculate the remainder when 43 is divided by l(k).
10
Let j = -184 + 450. Calculate the remainder when j is divided by 45.
41
Suppose 10*c - 13*c + 84 = 0. What is the remainder when 108 is divided by c?
24
Let o = 141 - 106. Calculate the remainder when 100 is divided by o.
30
Suppose -2*o + 8176 = 26*o. Calculate the remainder when o is divided by 36.
4
Suppose -14*x = -82 - 128. Suppose 5*c = c + 16. Suppose 5*u = z, 2*z + u = -c*u + x. Calculate the remainder when z is divided by 3.
2
Let q(i) be the third derivative of 0 + 0*i + 3*i**2 - 1/3*i**4 + 1/60*i**5 + 5/6*i**3. What is the remainder when q(10) is divided by 7?
4
Let h = -1060 + 1107. What is the remainder when 143 is divided by h?
2
Let d(y) = y**2 - y - 4. Let j be (-7)/(-2) + 5/(-10). Suppose j*g + g = 60. What is the remainder when g is divided by d(4)?
7
Let f = 693 + -664. Calculate the remainder when f is divided by 10.
9
Suppose -158 = -3*p + j, -4*p - 2*j = 3*j - 217. Calculate the remainder when p is divided by (40 - 43)*14/(-6).
4
Let c(n) = -5*n - 2. Let i(l) = -l. Let o(s) = -c(s) + 4*i(s). Let b = -13 - -23. What is the remainder when b is divided by o(1)?
1
Let u(x) = -x**3 - 4*x**2 + 4*x - 6. Let d be -7 + (1 - -1) + 0. Let m be u(d). What is the remainder when 51 - 4/1 - m is divided by 17?
14
What is the remainder when (-1)/((-9)/45)*48/5 is divided by 7?
6
Let a(r) = 3*r**3 - r**2 - 7*r + 16. Let q = -2 + 15. Let y = -5 + q. What is the remainder when a(2) is divided by y?
6
Let m = 2220 + -2201. What is the remainder when 47 is divided by m?
9
Let u(i) be the second derivative of -32*i**3/3 - 14*i. What is the remainder when u(-1) is divided by 2*(-39)/(-18)*3?
12
Let y(q) = 4*q + 3. Suppose -5*p + 18 = -7. Let w(v) = -3*v - 10. What is the remainder when y(p) is divided by w(-6)?
7
Suppose 5*w = 15, -p - 61 = -5*p + w. What is the remainder when 1 - (0 + (2 - 32)) is divided by p?
15
Let d = 2437 + -1465. Calculate the remainder when d is divided by 122.
118
Suppose -24 = -7*v + v. Calculate the remainder when (8/(-6))/(2/(-96)) is divided by 5 + 19 + v/(-2).
20
Let u(q) be the second derivative of -q**5/20 - q**4/2 + 11*q**3/3 + 3*q**2 + q. What is the remainder when u(-9) is divided by 13?
12
Let r(x) = -x**2 - 14*x + 2. Let l be (3 - 3 - 2)*4. Calculate the remainder when r(l) is divided by 9.
5
Suppose -11*p + 8*p - 33 = 0. What is the remainder when ((-6)/15)/(p/1705) is divided by 22?
18
Suppose -79*z + 261096 = 53*z. What is the remainder when z is divided by 30?
28
Let c be (2 - -1)/(-3)*-21. Suppose -1 = v + c. Calculate the remainder when 4/((-2)/v + 0) is divided by 15.
14
Suppose -2*y - 3*d + 26 = -d, -5*y + 3*d = -81. Suppose 2*a - 6*k = -9*k + y, k - 31 = -5*a. What is the remainder when a is divided by 4?
2
Suppose -2*i = -4*f - 6*i + 4, -5*i - 7 = 2*f. Suppose 0 = -3*v + 3*w - 3, 4*v - 8 = 2*w - f*w. What is the remainder when 4 is divided by v?
0
Let x(a) = -a + 1. Let z be x(5). Let b be -5 + 2*z/(-8). Calculate the remainder when b*1/(-4) - -120 is divided by 31.
28
Suppose -p + 1 + 5 = 0. Suppose -97 = -70*t + 463. What is the remainder when t is divided by p?
2
Suppose 16 - 50 = -2*r. Let i(l) = -l**3 + 19*l**2 - 17*l + 15. Let v(a) = 5*a**2 + a - 4. Let x be v(2). Calculate the remainder when i(x) is divided by r.
16
Let j = 31 + -44. Let o be j/(3/27*-3). Suppose -5*i = -o - 21. Calculate the remainder when 46 is divided by i.
10
Let o(k) = k**3 - 12*k**2 + 5*k - 50. Let r be (1 - 4)/(9/12). Let l(q) = -8*q + 5. Calculate the remainder when l(r) is divided by o(12).
7
Suppose -4*a - a = 2*v - 868, 3*a = 5*v + 527. Calculate the remainder when a is divided by 18.
12
Let k(q) be the second derivative of 2*q**4/3 + 5*q**3/6 - 7*q**2/2 + 16*q. What is the remainder when 68 is divided by k(2)?
33
Suppose -2*x = 21 - 5. Let k be 6/24 + 74/x. Let u = -5 - k. What is the remainder when u is divided by 2?
0
Let c(t) = -t**3 - 8*t**2 - 15*t + 1. What is the remainder when 71 is divided by c(-6)?
14
Let g(f) = f**2 - 11*f + 22. Calculate the remainder when 79 is divided by g(11).
13
Let u = -85 + 90. What is the remainder when 90 is divided by -9 + u - -1 - (-48 + -1)?
44
Let y = -347 - -353. What is the remainder when 17 is divided by y?
5
Let p(b) be the second derivative of 3*b + 5/6*b**3 - 3*b**2 + 0. What is the remainder when 56 is divided by p(5)?
18
Let m = 665 - 661. What is the remainder when 27 is divided by m?
3
Let p = 440 - 431. Calculate the remainder when 9 is divided by p.
0
Let n = -40 - -55. Suppose 53 = 2*y - 1. Suppose 60 = 3*t - y. What is the remainder when t is divided by n?
14
Suppose -92*y + 149 - 251 = -2586. Calculate the remainder when ((-2)/4)/(3/(-636)) is divided by y.
25
Let q = 7 - 10. What is the remainder when (2 + q)/(8/(-1912)) is divided by 48?
47
Suppose -145*x + 52 = -143*x. What is the remainder when x is divided by 10?
6
Suppose 84*w - 90*w = -450. Suppose -2*u - 1 = -39. What is the remainder when w is divided by u?
18
Suppose 15*v - 4*l = 10*v + 768, 3*v = -l + 471. What is the remainder when v is divided by 64?
28
Let h = 169 - 156. Calculate the remainder when h is divided by 11.
2
Let z(q) = -3 - 3*q + 11 - 7. Suppose -k + 9 - 12 = 0. What is the remainder when 39 is divided by z(k)?
9
Suppose 35 = 5*o + 10. Let d be 2*(-1)/(-6) - 50/(-30). Calculate the remainder when 39 is divided by o/(((-3)/d)/(-3)).
9
Let q = 58 - 54. Suppose q*x - 51 = 101. Calculate the remainder when x is divided by 14.
10
Suppose 3*b = -8*b + 33. What is the remainder when 56 is divided by b?
2
Let a(w) = 4*w**3 - 4*w**2 - 4*w + 22. Calculate the remainder when 1884 is divided by a(3).
80
Let r(z) = z - 29. Let c be r(14). What is the remainder when 80 is divided by (-5 - 2/(-1)) + (9 - c)?
17
Suppose 0 = 46*h - 42*h + 20. Let a = h + 59. Let k(f) = f**2 - 2. Calculate the remainder when a is divided by k(4).
12
Let j(a) = 3*a**3 - 2*a**2 - 3*a + 4. Suppose 0 = -h - 2*h. Suppose h = -2*d - 8, 3*y = 5*y + d. Calculate the remainder when 68 is divided by j(y).
12
Let u = 52 - 31. Let t(s) = 59*s - 3. Let y be t(3). Suppose 2*r - 3*r - 3*m = -76, 2*r - y = 5*m. What is the remainder when r is divided by u?
19
Let u = -370 + 379. Calculate the remainder when 61 is divided by u.
7
Let p(d) = 6*d**2 - 10*d + 24. What is the remainder when p(2) is divided by 16?
12
Suppose 5*f = -0*f + 5*s, -5*s + 15 = 0. Calculate the remainder when 96 is divided by f.
0
Let k(p) = 11*p. Let r be k(1). Let q(o) = o**2 + 10. What is the remainder when q(-5) is divided by 1 + 9 - (r + -13)?
11
Let k = 368 + -299. Calculate the remainder when 273 is divided by k.
66
Let n be (-1 - -4)*(-100)/(-12). Suppose -s = 4*c - 13 - n, c - 4 = 0. Let z = 30 + 13. What is the remainder when z is divided by s?
21
Calculate the remainder when 2/10 - (2907/(-15) + 13) is divided by 41.
17
Calculate the remainder when 379 is divided by 41 + -1 - 3*12/18.
37
Suppose 0 = 3*h - 7 - 5. Suppose 2*i = 0, -h*r - 5*i + 64 = -i. Calculate the remainder when 29 is divided by r.
13
Suppose -2*x + 5 - 1 = 0, -552 = -4*i + 4*x. Calculate the remainder when (-2)/(-4) + (i/8 - -2) is divided by 11.
9
Let g = -2289 + 2329. Let v(p) = -4*p - 6. Calculate the remainder when g is divided by v(-5).
12
Let d(n) be the first derivative of 5*n**2/2 + n + 12. What is the remainder when 30 is divided by d(2)?
8
Let n(u) = u - 12. Let s be n(16). Calculate the remainder when 52 is divided by (4/(-36)*-30)/(s/18).
7
Let r = 39 + -34. Let k(z) = 8*z - 16. What is the remainder when 143 is divided by k(r)?
23
Let k = -108 - -125. Calculate the remainder when 541 is divided by k.
14
Let w = 491 + -415. What is t